et q(z) = -2*z**3 - 2*z**2 + 25*z + 3. Let i be q(-7). Let h = -262 - -121. Let m = i + h. What is the greatest common divisor of 25 and m?
25
Let b(w) = 63*w**2 - 7*w + 7. Let s be b(1). What is the highest common divisor of s and 252?
63
Suppose -60*d - 2*u - 104 = -64*d, -2*u - 78 = -3*d. Calculate the highest common factor of 247 and d.
13
Let h = 203 - 293. Suppose -12*g + 104 = -38*g. Let b be g/18 - 10730/h. What is the greatest common factor of 17 and b?
17
Let z = -3 - -5. Suppose z*p + 4*h + 28 = -0*p, 4*h = -5*p - 82. Let d be 4/(-18) + (-184)/p. Calculate the highest common factor of 4 and d.
2
Let w be 731 + 110/(121/11). Calculate the highest common divisor of w and 57.
57
Suppose -h - 16 = 4*n - 262, 0 = 3*h - 4*n - 690. Let w(i) = 53 - 3*i - 2*i + 2*i - 42. Let y be w(-5). Calculate the greatest common factor of y and h.
26
Let h(r) = -2*r**2 + 74*r - 166. Let p be h(32). What is the greatest common divisor of p and 693?
77
Let n(i) = -i**2 - 33*i - 95. Let f be n(-23). What is the greatest common factor of f and 3645?
135
Let z(n) = -90*n + 4190. Let h be z(46). Suppose -3*u = -4*m + 300, -2*u = u. Calculate the highest common divisor of m and h.
25
Let m(k) = k**2 + 11*k - 14. Let i be m(-13). Let g be (-12)/20*12*-5. Calculate the greatest common divisor of i and g.
12
Let r(q) = -263*q**3 - 2*q - 1. Let f be r(-1). What is the highest common divisor of f and 96?
24
Suppose 493 = 3*t + 3*j + 118, 2*j + 618 = 5*t. What is the greatest common factor of t and 93?
31
Let i be 327/15 + (-1)/(-5). Suppose 55 = -827*o + 832*o. Calculate the highest common divisor of i and o.
11
Let c(n) = n**3 - 33*n**2 - 61*n + 5. Let v be c(35). What is the greatest common factor of 30 and v?
10
Suppose -u + 2*z = -815, 3*u + 1634 = -4*z + 4099. Calculate the highest common divisor of 351 and u.
117
Let j be 3648/168 + 4/14. What is the highest common divisor of 352 and j?
22
Suppose k - p - 13 = 4, 0 = -3*k + p + 45. Suppose 0 = c - k + 12. Suppose 3*d = 2*d + 4. Calculate the greatest common divisor of c and d.
2
Suppose 4*z + 5*j - 44 = 0, 0 = -z + 3*j + 11 + 17. What is the highest common divisor of 200 and z?
8
Suppose 0*d = 2*d + 3*x - 228, -536 = -5*d + x. Let l = d + -72. Let u be ((-456)/l)/((-2)/3). What is the greatest common divisor of u and 133?
19
Suppose 0 = w - 4*l + 4, -4*w + l = -34 - 10. Suppose 10*m = 6*m - 96. Let k be (m/(-1))/((-12)/(-42)). What is the highest common divisor of k and w?
12
Suppose p = -5*u - 4, 3*p + u + 6 - 22 = 0. Let l be 1/(-5 + p) + (2 - -47). Calculate the highest common divisor of 5 and l.
5
Suppose -3*d = -3*i - 21, 5*d + i = 7*d - 15. Calculate the highest common divisor of 104 and d.
8
Let o(r) = r**2 - 6*r - 4. Let g be o(-8). Let q(m) = -2*m**3 + 72*m**2 - m + 48. Let w be q(36). Calculate the highest common divisor of g and w.
12
Suppose 5*i - 5*w = 80, 30 = 5*i + 4*w - 5. What is the highest common factor of 869 and i?
11
Suppose 3*b + 6*h - 172 = 2*h, 4*b + 4*h = 232. Let s be 1*(16 + (-5)/5) + 5. What is the highest common divisor of s and b?
20
Suppose -685 = -27*p + 395. What is the greatest common factor of 25 and p?
5
Let p(u) = 3*u**2 + 2*u + 6. Let r = 16 - 20. Let w be p(r). Let f = -25 + w. What is the highest common divisor of f and 21?
21
Suppose -8*t - 9*t + 170 = 0. What is the highest common factor of t and 655?
5
Let d(m) = 3*m**3 + 29*m**2 + 15*m - 13. Let f be d(-9). Calculate the greatest common factor of f and 21.
7
Let r(c) = -3*c**2 + 61*c + 74. Let z be r(21). Calculate the greatest common divisor of 144 and z.
16
Let t be (-13)/((-260)/464)*10. What is the highest common divisor of 58 and t?
58
Let m be (-1345)/(-15) - (-2)/6. Suppose -3*b - 174 = m. Let c = b - -163. What is the highest common factor of c and 25?
25
Suppose 20*r = 19*r + 1, 4*z + 5*r = 1773. What is the greatest common divisor of z and 26?
26
Let p(i) = 12*i**3 - i**2 + i - 1. Let s be p(1). Suppose -113 = -g + 3*v - 1, -369 = -3*g - 2*v. What is the highest common divisor of g and s?
11
Let i be (1 - (-5)/(-4))*-4. Let j = 18 - 8. Let s(n) = 2*n - 13. Let q be s(j). Calculate the highest common factor of q and i.
1
Suppose 13 = -4*g - 4*k + 61, 0 = 3*g - k - 28. What is the highest common factor of g and 295?
5
Let a(f) = -22*f - 187. Let n be a(-9). What is the greatest common divisor of n and 187?
11
Let c(b) = 3*b**3 + 31*b**2 - 39*b - 13. Let h be c(-11). What is the greatest common factor of h and 6?
6
Suppose -5*x - 7*o + 3*o = -32, 3*x = -3*o + 21. Suppose -x*z + 57 = 13. Let q be (-3)/(3/(-8)) + 3. What is the greatest common divisor of z and q?
11
Let r be (-141)/15 - (-4)/10. Let o(b) be the second derivative of -13*b**3/6 - 9*b**2/2 + 5*b. Let v be o(r). Calculate the highest common divisor of 12 and v.
12
Let i(x) = -x**2 - 5*x. Let w be (-2)/(-3) - 64/6. Let m be (-1 + w/(-2))/(-1). Let d be i(m). What is the highest common factor of 28 and d?
4
Let g = 116 + -68. Suppose 3 = -4*u - 33. Let h(z) = -z**2 - 12*z - 11. Let d be h(u). Calculate the highest common divisor of d and g.
16
Let i be (-4424)/35 - (-3)/(-5). Let h = 131 + i. What is the greatest common factor of h and 44?
4
Let b be 11*-1*(4 + 1 - 6). Let q = 2 + -2. Suppose q = -3*u + 2*u + 88. What is the highest common factor of u and b?
11
Let a be ((-9)/(-6) + -1)*10. Suppose -b - 337 = -4*p, 0*p - a*p - 3*b + 434 = 0. Calculate the greatest common factor of 17 and p.
17
Let i(u) = u**3 + 9*u**2 + u - 5. Let z be i(-9). Let r = z + 32. What is the greatest common factor of 4 and r?
2
Let q(x) = 2*x**2 - 4*x + 2. Let b be q(2). Suppose 12*r - 53 = 67. Suppose -d + r = 7. What is the highest common divisor of d and b?
1
Suppose 5*z = 0, -5*v - 1 = -4*z + 9. Let u be 4*1 - 4/v. Suppose -u*o - 12 = -7*o. What is the greatest common factor of 60 and o?
12
Let a(r) = -3*r + 8. Let h be a(2). Let v be 4/(-6)*(-4 + 1). Suppose 0 = 3*i - v*i - h. What is the highest common factor of i and 8?
2
Suppose 0 = -d + 5*y + 264, -3*d + 848 = 3*y - 4*y. Calculate the greatest common divisor of d and 355.
71
Suppose 2*g + 7*a - 6*a - 45 = 0, 1 = a. Let c = -4 + g. What is the highest common divisor of 60 and c?
6
Suppose -2*q + 57 = -0*z + z, z + 132 = 5*q. Let r(n) = 6*n**2 + n - 4. Let t be r(7). What is the highest common factor of t and q?
27
Suppose 0 = -13*d + 12*d - 184. Let a = d + 334. Suppose -3*h = -h - s - 60, -5*h + 2*s + a = 0. Calculate the highest common factor of 20 and h.
10
Let u be ((-7 - -4) + 5)*10. Let s(n) = -5*n - 130. Let m be s(-30). What is the highest common factor of m and u?
20
Let q be (-43)/301 + 85/7 - 2. Calculate the greatest common factor of q and 970.
10
Let k(l) = l**3 - l**2. Let m(o) = 22*o**3 + 4*o**2 + 2*o + 2. Let f(g) = -3*k(g) - m(g). Let j be f(-1). Calculate the highest common divisor of j and 6.
6
Suppose 5*b - 5*y = -4*y + 6, y = -2*b + 8. Let w(x) = -21*x**3 - 2*x - 1. Let g be w(b). Let z = g + 281. Calculate the greatest common divisor of z and 12.
12
Suppose -22*t = 102 - 498. What is the highest common divisor of t and 27?
9
Let t(p) = -2*p - 7. Let i be t(-3). Let b be ((-3)/6)/(i/(-6)). Let l be 11/((-33)/(-180)) - b. Calculate the greatest common factor of l and 21.
21
Suppose -i - 48 = -3*i. Let d = 1086 - 1026. Calculate the highest common divisor of i and d.
12
Let p be 3*22/3 - 0. Suppose 0 = 5*x + 2*y + 75, 5*x - 3*y = -0*x - 75. Let z be (5 - 145/x)*6. Calculate the greatest common factor of z and p.
22
Suppose -23 = -4*n + 77. Let v be ((-5325)/(-24) - (-5)/40) + 3. What is the greatest common divisor of v and n?
25
Suppose -2*u + 23 = 5*s, -53 = -4*u + 3*s - 6*s. What is the greatest common factor of u and 98?
14
Let j be (-4)/(0 - 2) - 7. Let f(h) = -10*h - 37. Let w be f(j). What is the greatest common factor of 104 and w?
13
Let j(s) = -11*s - 2. Let w be j(-2). Suppose -3*l - 2*m + 16 = 3, 5*l + w = 5*m. What is the greatest common factor of l and 9?
1
Let j = 28 + -15. Let i(f) = -92*f - 1. Let q(c) = -23*c. Let p(y) = -2*i(y) + 9*q(y). Let w be p(-5). What is the greatest common factor of w and j?
13
Let f = 3 - 3. Suppose p + f*p = 2. Let c = -1019 + 1022. Calculate the greatest common factor of c and p.
1
Let b be 9/6 - (-3)/6. Suppose 24 + 6 = 3*s - 5*i, 2*s - 16 = b*